{"id":662,"date":"2019-06-07T18:40:07","date_gmt":"2019-06-07T16:40:07","guid":{"rendered":"http:\/\/tortonda.es\/?page_id=662"},"modified":"2020-06-08T17:49:27","modified_gmt":"2020-06-08T15:49:27","slug":"historia","status":"publish","type":"page","link":"https:\/\/www.tortonda.es\/?page_id=662","title":{"rendered":"Historia"},"content":{"rendered":"<p>[et_pb_section bb_built=\u00bb1&#8243; admin_label=\u00bbsection\u00bb inner_width=\u00bb90%\u00bb inner_max_width=\u00bb1200px\u00bb][et_pb_row admin_label=\u00bbrow\u00bb background_position=\u00bbtop_left\u00bb background_repeat=\u00bbrepeat\u00bb background_size=\u00bbinitial\u00bb width=\u00bb90%\u00bb max_width=\u00bb1200px\u00bb][et_pb_column type=\u00bb4_4&#8243;][et_pb_text admin_label=\u00bbText\u00bb background_position=\u00bbtop_left\u00bb background_repeat=\u00bbrepeat\u00bb background_size=\u00bbinitial\u00bb _builder_version=\u00bb3.22.7&#8243; text_text_shadow_horizontal_length=\u00bbtext_text_shadow_style,%91object Object%93&#8243; text_text_shadow_vertical_length=\u00bbtext_text_shadow_style,%91object Object%93&#8243; text_text_shadow_blur_strength=\u00bbtext_text_shadow_style,%91object Object%93&#8243; link_text_shadow_horizontal_length=\u00bblink_text_shadow_style,%91object Object%93&#8243; link_text_shadow_vertical_length=\u00bblink_text_shadow_style,%91object Object%93&#8243; link_text_shadow_blur_strength=\u00bblink_text_shadow_style,%91object Object%93&#8243; ul_text_shadow_horizontal_length=\u00bbul_text_shadow_style,%91object Object%93&#8243; ul_text_shadow_vertical_length=\u00bbul_text_shadow_style,%91object Object%93&#8243; ul_text_shadow_blur_strength=\u00bbul_text_shadow_style,%91object Object%93&#8243; ol_text_shadow_horizontal_length=\u00bbol_text_shadow_style,%91object Object%93&#8243; ol_text_shadow_vertical_length=\u00bbol_text_shadow_style,%91object Object%93&#8243; ol_text_shadow_blur_strength=\u00bbol_text_shadow_style,%91object Object%93&#8243; quote_text_shadow_horizontal_length=\u00bbquote_text_shadow_style,%91object Object%93&#8243; quote_text_shadow_vertical_length=\u00bbquote_text_shadow_style,%91object Object%93&#8243; quote_text_shadow_blur_strength=\u00bbquote_text_shadow_style,%91object Object%93&#8243; header_text_shadow_horizontal_length=\u00bbheader_text_shadow_style,%91object Object%93&#8243; header_text_shadow_vertical_length=\u00bbheader_text_shadow_style,%91object Object%93&#8243; header_text_shadow_blur_strength=\u00bbheader_text_shadow_style,%91object Object%93&#8243; header_2_text_shadow_horizontal_length=\u00bbheader_2_text_shadow_style,%91object Object%93&#8243; header_2_text_shadow_vertical_length=\u00bbheader_2_text_shadow_style,%91object Object%93&#8243; header_2_text_shadow_blur_strength=\u00bbheader_2_text_shadow_style,%91object Object%93&#8243; header_3_text_shadow_horizontal_length=\u00bbheader_3_text_shadow_style,%91object Object%93&#8243; header_3_text_shadow_vertical_length=\u00bbheader_3_text_shadow_style,%91object Object%93&#8243; header_3_text_shadow_blur_strength=\u00bbheader_3_text_shadow_style,%91object Object%93&#8243; header_4_text_shadow_horizontal_length=\u00bbheader_4_text_shadow_style,%91object Object%93&#8243; header_4_text_shadow_vertical_length=\u00bbheader_4_text_shadow_style,%91object Object%93&#8243; header_4_text_shadow_blur_strength=\u00bbheader_4_text_shadow_style,%91object Object%93&#8243; header_5_text_shadow_horizontal_length=\u00bbheader_5_text_shadow_style,%91object Object%93&#8243; header_5_text_shadow_vertical_length=\u00bbheader_5_text_shadow_style,%91object Object%93&#8243; header_5_text_shadow_blur_strength=\u00bbheader_5_text_shadow_style,%91object Object%93&#8243; header_6_text_shadow_horizontal_length=\u00bbheader_6_text_shadow_style,%91object Object%93&#8243; header_6_text_shadow_vertical_length=\u00bbheader_6_text_shadow_style,%91object Object%93&#8243; header_6_text_shadow_blur_strength=\u00bbheader_6_text_shadow_style,%91object Object%93&#8243; z_index_tablet=\u00bb500&#8243;]<\/p>\n<h1>Historia<\/h1>\n<p>Tras la reconquista, perteneci\u00f3 esta aldea serrana al Com\u00fan de Villa y Tierra de Medinaceli, con lo cual, a partir del siglo XV, estuvo sujeta al se\u00f1or\u00edo de la poderosa familia de los de La Cerda, y por lo tanto, incluida en su ampl\u00edsimo territorio, hasta el siglo XIX en que se liquidaron los se\u00f1or\u00edos. Las tierras que rodean al pueblo son oscuras, y dice la gente que cuando la climatolog\u00eda acompa\u00f1a dan mucho fruto. El top\u00f3nimo significa torre redonda.<\/p>\n<h2><span id=\"Patrimonio\" class=\"mw-headline\">Patrimonio<\/span><\/h2>\n<p>En el camino de Torremocha y Pelegrina, se encontr\u00f3 una cueva con su entrada cerrada por una piedra de metro y medio de altura, sobre calzos que le permiten movilizarse, y varias incisiones y tallas. En el interior hay grabados y estilizaciones humanas. Hay similares grabados rupestres en los parajes de El Bosque, el Polvor\u00edn, la Fuente de don Eugenio y el Portachuelo. En el mismo entorno se encuentran restos que certifican la antigua existencia de poblado neol\u00edtico<\/p>\n<p>La Iglesia de la Concepci\u00f3n, reformada en los s.XVI y XVII, desfigur\u00f3 la galer\u00eda rom\u00e1nica del lado norte como se aprecia en los canecillos de proa de nave que se aprecian en el muro recrecido. La galer\u00eda est\u00e1 formada por arcos de medio punto sujetados por capiteles vegetales, que descansan en columnas pareadas. El ingreso central se dispone con arco de medio punto. Los arcos de la derecha se eliminaron en el siglo XVI para abrir otra puerta semicircular con decoraci\u00f3n de bolas. Los arcos de medio punto est\u00e1n apoyados en capiteles con hojarasca sencilla. La torre est\u00e1 rematada en almenas, simulando un castillo. Paisanos ilustres que tienen retrato en la iglesia: Juli\u00e1n Bermejo, que fue confesor de Alfonso XII y de la reina Mar\u00eda Cristina. y Victoriano Ciruelos, abogado<\/p>\n<p>En las afueras hay dos ermitas: una dedicada a San Lorenzo y otra a San Roque.<\/p>\n<p>El pueblo se ensancha casi a mitad de la Calle Real formando una plaza inmensa, en la que hay una fuente de piedra que remata con una vertedera de tiro de mulas y el tronco de una olma concejil que debi\u00f3 de ser voluminosa. Algunas casonas en la Calle Real con dinteles de piedra.<\/p>\n<p>Las fiestas del patr\u00f3n son en <strong>San Pedro.<\/strong><\/p>\n<p>[\/et_pb_text][\/et_pb_column][\/et_pb_row][\/et_pb_section]<\/p>\n","protected":false},"excerpt":{"rendered":"<p>HistoriaTras la reconquista, perteneci\u00f3 esta aldea serrana al Com\u00fan de Villa y Tierra de Medinaceli, con lo cual, a partir del siglo XV, estuvo sujeta al se\u00f1or\u00edo de la poderosa familia de los de La Cerda, y por lo tanto, incluida en su ampl\u00edsimo territorio, hasta el siglo XIX en que se liquidaron los se\u00f1or\u00edos. [&hellip;]<\/p>\n","protected":false},"author":1,"featured_media":0,"parent":0,"menu_order":0,"comment_status":"closed","ping_status":"closed","template":"","meta":{"_et_pb_use_builder":"on","_et_pb_old_content":"Tras la reconquista, perteneci\u00f3 esta aldea serrana al Com\u00fan de Villa y Tierra de Medinaceli, con lo cual, a partir del siglo XV, estuvo sujeta al se\u00f1or\u00edo de la poderosa familia de los de La Cerda, y por lo tanto, incluida en su ampl\u00edsimo territorio, hasta el siglo XIX en que se liquidaron los se\u00f1or\u00edos. Las tierras que rodean al pueblo son oscuras, y dice la gente que cuando la climatolog\u00eda acompa\u00f1a dan mucho fruto. El top\u00f3nimo significa torre redonda.\r\n<h2><span id=\"Patrimonio\" class=\"mw-headline\">Patrimonio<\/span><\/h2>\r\nEn el camino de Torremocha y Pelegrina, se encontr\u00f3 una cueva con su entrada cerrada por una piedra de metro y medio de altura, sobre calzos que le permiten movilizarse, y varias incisiones y tallas. En el interior hay grabados y estilizaciones humanas. Hay similares grabados rupestres en los parajes de El Bosque, el Polvor\u00edn, la Fuente de don Eugenio y el Portachuelo. En el mismo entorno se encuentran restos que certifican la antigua existencia de poblado neol\u00edtico\r\n\r\nLa Iglesia de la Concepci\u00f3n, reformada en los s.XVI y XVII, desfigur\u00f3 la galer\u00eda rom\u00e1nica del lado norte como se aprecia en los canecillos de proa de nave que se aprecian en el muro recrecido. La galer\u00eda est\u00e1 formada por arcos de medio punto sujetados por capiteles vegetales, que descansan en columnas pareadas. El ingreso central se dispone con arco de medio punto. Los arcos de la derecha se eliminaron en el siglo XVI para abrir otra puerta semicircular con decoraci\u00f3n de bolas. Los arcos de medio punto est\u00e1n apoyados en capiteles con hojarasca sencilla. La torre est\u00e1 rematada en almenas, simulando un castillo. Paisanos ilustres que tienen retrato en la iglesia: Juli\u00e1n Bermejo, que fue confesor de Alfonso XII y de la reina Mar\u00eda Cristina. y Victoriano Ciruelos, abogado\r\n\r\nEn las afueras hay dos ermitas: una dedicada a San Lorenzo y otra a San Roque.\r\n\r\nEl pueblo se ensancha casi a mitad de la Calle Real formando una plaza inmensa, en la que hay una fuente de piedra que remata con una vertedera de tiro de mulas y el tronco de una olma concejil que debi\u00f3 de ser voluminosa. Algunas casonas en la Calle Real con dinteles de piedra.\r\n\r\nLas fiestas del patr\u00f3n son en <strong>San Pedro.<\/strong>","_et_gb_content_width":"","footnotes":""},"class_list":["post-662","page","type-page","status-publish","hentry"],"_links":{"self":[{"href":"https:\/\/www.tortonda.es\/index.php?rest_route=\/wp\/v2\/pages\/662","targetHints":{"allow":["GET"]}}],"collection":[{"href":"https:\/\/www.tortonda.es\/index.php?rest_route=\/wp\/v2\/pages"}],"about":[{"href":"https:\/\/www.tortonda.es\/index.php?rest_route=\/wp\/v2\/types\/page"}],"author":[{"embeddable":true,"href":"https:\/\/www.tortonda.es\/index.php?rest_route=\/wp\/v2\/users\/1"}],"replies":[{"embeddable":true,"href":"https:\/\/www.tortonda.es\/index.php?rest_route=%2Fwp%2Fv2%2Fcomments&post=662"}],"version-history":[{"count":6,"href":"https:\/\/www.tortonda.es\/index.php?rest_route=\/wp\/v2\/pages\/662\/revisions"}],"predecessor-version":[{"id":902,"href":"https:\/\/www.tortonda.es\/index.php?rest_route=\/wp\/v2\/pages\/662\/revisions\/902"}],"wp:attachment":[{"href":"https:\/\/www.tortonda.es\/index.php?rest_route=%2Fwp%2Fv2%2Fmedia&parent=662"}],"curies":[{"name":"wp","href":"https:\/\/api.w.org\/{rel}","templated":true}]}}

<p>[et_pb_section bb_built=»1&#8243; admin_label=»section» inner_width=»90%» inner_max_width=»1200px»][et_pb_row admin_label=»row» background_position=»top_left» background_repeat=»repeat» background_size=»initial» width=»90%» max_width=»1200px»][et_pb_column type=»4_4&#8243;][et_pb_text admin_label=»Text» background_position=»top_left» background_repeat=»repeat» background_size=»initial» _builder_version=»3.22.7&#8243; text_text_shadow_horizontal_length=»text_text_shadow_style,%91object Object%93&#8243; text_text_shadow_vertical_length=»text_text_shadow_style,%91object Object%93&#8243; text_text_shadow_blur_strength=»text_text_shadow_style,%91object Object%93&#8243; link_text_shadow_horizontal_length=»link_text_shadow_style,%91object Object%93&#8243; link_text_shadow_vertical_length=»link_text_shadow_style,%91object Object%93&#8243; link_text_shadow_blur_strength=»link_text_shadow_style,%91object Object%93&#8243; ul_text_shadow_horizontal_length=»ul_text_shadow_style,%91object Object%93&#8243; ul_text_shadow_vertical_length=»ul_text_shadow_style,%91object Object%93&#8243; ul_text_shadow_blur_strength=»ul_text_shadow_style,%91object Object%93&#8243; ol_text_shadow_horizontal_length=»ol_text_shadow_style,%91object Object%93&#8243; ol_text_shadow_vertical_length=»ol_text_shadow_style,%91object Object%93&#8243; ol_text_shadow_blur_strength=»ol_text_shadow_style,%91object Object%93&#8243; quote_text_shadow_horizontal_length=»quote_text_shadow_style,%91object Object%93&#8243; quote_text_shadow_vertical_length=»quote_text_shadow_style,%91object Object%93&#8243; quote_text_shadow_blur_strength=»quote_text_shadow_style,%91object Object%93&#8243; header_text_shadow_horizontal_length=»header_text_shadow_style,%91object Object%93&#8243; header_text_shadow_vertical_length=»header_text_shadow_style,%91object Object%93&#8243; header_text_shadow_blur_strength=»header_text_shadow_style,%91object Object%93&#8243; header_2_text_shadow_horizontal_length=»header_2_text_shadow_style,%91object Object%93&#8243; header_2_text_shadow_vertical_length=»header_2_text_shadow_style,%91object Object%93&#8243; header_2_text_shadow_blur_strength=»header_2_text_shadow_style,%91object Object%93&#8243; header_3_text_shadow_horizontal_length=»header_3_text_shadow_style,%91object Object%93&#8243; header_3_text_shadow_vertical_length=»header_3_text_shadow_style,%91object Object%93&#8243; header_3_text_shadow_blur_strength=»header_3_text_shadow_style,%91object Object%93&#8243; header_4_text_shadow_horizontal_length=»header_4_text_shadow_style,%91object Object%93&#8243; header_4_text_shadow_vertical_length=»header_4_text_shadow_style,%91object Object%93&#8243; header_4_text_shadow_blur_strength=»header_4_text_shadow_style,%91object Object%93&#8243; header_5_text_shadow_horizontal_length=»header_5_text_shadow_style,%91object Object%93&#8243; header_5_text_shadow_vertical_length=»header_5_text_shadow_style,%91object Object%93&#8243; header_5_text_shadow_blur_strength=»header_5_text_shadow_style,%91object Object%93&#8243; header_6_text_shadow_horizontal_length=»header_6_text_shadow_style,%91object Object%93&#8243; header_6_text_shadow_vertical_length=»header_6_text_shadow_style,%91object Object%93&#8243; header_6_text_shadow_blur_strength=»header_6_text_shadow_style,%91object Object%93&#8243; z_index_tablet=»500&#8243;]</p>
<h1>Historia</h1>
<p>Tras la reconquista, perteneció esta aldea serrana al Común de Villa y Tierra de Medinaceli, con lo cual, a partir del siglo XV, estuvo sujeta al señorío de la poderosa familia de los de La Cerda, y por lo tanto, incluida en su amplísimo territorio, hasta el siglo XIX en que se liquidaron los señoríos. Las tierras que rodean al pueblo son oscuras, y dice la gente que cuando la climatología acompaña dan mucho fruto. El topónimo significa torre redonda.</p>
<h2><span id="Patrimonio" class="mw-headline">Patrimonio</span></h2>
<p>En el camino de Torremocha y Pelegrina, se encontró una cueva con su entrada cerrada por una piedra de metro y medio de altura, sobre calzos que le permiten movilizarse, y varias incisiones y tallas. En el interior hay grabados y estilizaciones humanas. Hay similares grabados rupestres en los parajes de El Bosque, el Polvorín, la Fuente de don Eugenio y el Portachuelo. En el mismo entorno se encuentran restos que certifican la antigua existencia de poblado neolítico</p>
<p>La Iglesia de la Concepción, reformada en los s.XVI y XVII, desfiguró la galería románica del lado norte como se aprecia en los canecillos de proa de nave que se aprecian en el muro recrecido. La galería está formada por arcos de medio punto sujetados por capiteles vegetales, que descansan en columnas pareadas. El ingreso central se dispone con arco de medio punto. Los arcos de la derecha se eliminaron en el siglo XVI para abrir otra puerta semicircular con decoración de bolas. Los arcos de medio punto están apoyados en capiteles con hojarasca sencilla. La torre está rematada en almenas, simulando un castillo. Paisanos ilustres que tienen retrato en la iglesia: Julián Bermejo, que fue confesor de Alfonso XII y de la reina María Cristina. y Victoriano Ciruelos, abogado</p>
<p>En las afueras hay dos ermitas: una dedicada a San Lorenzo y otra a San Roque.</p>
<p>El pueblo se ensancha casi a mitad de la Calle Real formando una plaza inmensa, en la que hay una fuente de piedra que remata con una vertedera de tiro de mulas y el tronco de una olma concejil que debió de ser voluminosa. Algunas casonas en la Calle Real con dinteles de piedra.</p>
<p>Las fiestas del patrón son en <strong>San Pedro.</strong></p>
<p>[/et_pb_text][/et_pb_column][/et_pb_row][/et_pb_section]</p>

<p>HistoriaTras la reconquista, perteneció esta aldea serrana al Común de Villa y Tierra de Medinaceli, con lo cual, a partir del siglo XV, estuvo sujeta al señorío de la poderosa familia de los de La Cerda, y por lo tanto, incluida en su amplísimo territorio, hasta el siglo XIX en que se liquidaron los señoríos. [&hellip;]</p>

Tras la reconquista, perteneció esta aldea serrana al Común de Villa y Tierra de Medinaceli, con lo cual, a partir del siglo XV, estuvo sujeta al señorío de la poderosa familia de los de La Cerda, y por lo tanto, incluida en su amplísimo territorio, hasta el siglo XIX en que se liquidaron los señoríos. Las tierras que rodean al pueblo son oscuras, y dice la gente que cuando la climatología acompaña dan mucho fruto. El topónimo significa torre redonda.
<h2><span id="Patrimonio" class="mw-headline">Patrimonio</span></h2>
En el camino de Torremocha y Pelegrina, se encontró una cueva con su entrada cerrada por una piedra de metro y medio de altura, sobre calzos que le permiten movilizarse, y varias incisiones y tallas. En el interior hay grabados y estilizaciones humanas. Hay similares grabados rupestres en los parajes de El Bosque, el Polvorín, la Fuente de don Eugenio y el Portachuelo. En el mismo entorno se encuentran restos que certifican la antigua existencia de poblado neolítico

La Iglesia de la Concepción, reformada en los s.XVI y XVII, desfiguró la galería románica del lado norte como se aprecia en los canecillos de proa de nave que se aprecian en el muro recrecido. La galería está formada por arcos de medio punto sujetados por capiteles vegetales, que descansan en columnas pareadas. El ingreso central se dispone con arco de medio punto. Los arcos de la derecha se eliminaron en el siglo XVI para abrir otra puerta semicircular con decoración de bolas. Los arcos de medio punto están apoyados en capiteles con hojarasca sencilla. La torre está rematada en almenas, simulando un castillo. Paisanos ilustres que tienen retrato en la iglesia: Julián Bermejo, que fue confesor de Alfonso XII y de la reina María Cristina. y Victoriano Ciruelos, abogado

En las afueras hay dos ermitas: una dedicada a San Lorenzo y otra a San Roque.

El pueblo se ensancha casi a mitad de la Calle Real formando una plaza inmensa, en la que hay una fuente de piedra que remata con una vertedera de tiro de mulas y el tronco de una olma concejil que debió de ser voluminosa. Algunas casonas en la Calle Real con dinteles de piedra.

Las fiestas del patrón son en <strong>San Pedro.</strong>
